u**3 - n*u**2 - 6*u. Let j = -1592 + 1598. Calculate t(j).
-13
Let g(c) = -11*c**2 + 11*c + 59. Let f(w) = 5*w**2 - 5*w - 29. Let i(t) = -9*f(t) - 4*g(t). Let r = -149 - -149. What is i(r)?
25
Let a be 4 + 51/(-15) + (-1956)/10. Let t = 191 + a. Let n(m) = -m**3 - 4*m**2 - m + 2. Give n(t).
6
Let i(g) = -g**2 - 2*g + 2. Let f(x) = 3*x - 44. Let l be f(7). Let c = l - -20. Determine i(c).
-1
Let f(m) = -m**3 + 22*m**2 + 48*m + 13. Let c be f(24). Let g be (-8)/(-5) + (-12)/(-30). Let i(l) = -15 + 3*l - 12 - g*l + 8. What is i(c)?
-6
Let h(q) = -2*q**3 + 117*q**2 - 60*q + 168. Let g be h(58). Let y(z) = -z**3 + 57*z**2 - 258*z - 98. Give y(g).
6
Let g(x) = x**2 + 32*x + 62. Let b(q) = -12*q - 1. Let o(m) = 4*b(m) + g(m). What is o(11)?
3
Let d(t) be the first derivative of t**2/2 + 22*t + 5. Suppose 0 = -b + 5*b + 4*x + 24, 4*b = 4*x + 24. Determine d(b).
22
Let r be (-2 + 1)/1 - 6. Let i(b) = 1274 - 2505 + 1239 - b. Calculate i(r).
15
Suppose 95*s - 32 + 185 = 1103. Let h(f) = -f**3 + 10*f**2 - 2*f + 12. Calculate h(s).
-8
Let s(d) be the third derivative of -d**6/5 + d**3/3 - 47*d**2 - 3*d. Give s(1).
-22
Let q = 5 - 3. Let b(z) = -750 - 2*z**2 + z + 0*z + z**2 + 748. Let m(p) = -5*p**2 + 8*p - 12. Let n(a) = 6*b(a) - m(a). What is n(q)?
-8
Let j(m) be the first derivative of -3*m**2/2 + 10*m + 1271. Give j(9).
-17
Let o(c) = -c - 4. Let u(x) = 6*x + 31. Let v(h) = -7*o(h) - u(h). Calculate v(-3).
-6
Suppose -3*q - 93 - 9 = 0. Let t be -4*(q/8 + 2). Let h(g) = 3*g - 14*g - 2770*g**2 - 75 + 84 + 2771*g**2. What is h(t)?
-9
Suppose 4*p - 8*p + 3*f + 58 = 0, 0 = f + 2. Let v be p/((-143)/(-264))*2/6. Let h(x) = -x**2 + 12*x - 5. What is h(v)?
27
Let t(a) = a + 7. Let p = 136 - 134. Suppose 2*b + 2 = -p*k - 0, -k + 4*b + 24 = 0. Suppose 3*l = k*n + 28, n + 4*l = -l - 30. Determine t(n).
-3
Let s(x) be the third derivative of -x**5/60 - x**4/3 + 2*x**3/3 + 7248*x**2. Give s(-8).
4
Suppose -108*k + 110*k - 2 = 0. Let p(d) be the second derivative of 7*d**3/6 - 8*d - 4. What is p(k)?
7
Suppose -166*u - 4 = -165*u - q, u + 3*q = -8. Let l(t) = -3*t**3 - 17*t**2 - 9*t + 13. Give l(u).
8
Let a(t) = -8*t. Let f(c) = 2*c**2 - 19*c + 11. Let q = -18 + 27. Let n be f(q). Suppose 0 = -s, 2*v + 3*v - 10 = -n*s. Determine a(v).
-16
Let a be 172/264 - -11*(-10)/(-605). Let l(s) be the second derivative of a*s**3 - s**2 + 6*s + 0 - 1/12*s**4. Calculate l(8).
-26
Let k = 29 - 26. Let c(p) be the third derivative of -5*p**4/24 + p**3/2 + 15*p**2 + 2. Let f(h) = 4*h - 4. Let x(y) = k*c(y) + 4*f(y). Determine x(3).
-4
Let g(p) be the first derivative of -p**5/10 - p**4/12 + p**3/2 + p**2/2 + 114*p - 12. Let k(q) be the first derivative of g(q). Determine k(-2).
7
Suppose 5*o + 5 = -0*o. Let v = -28 - -37. Let g(z) = 13*z**2 + 9*z. Let b(c) = -3*c**2 - 2*c. Let f(j) = v*b(j) + 2*g(j). Calculate f(o).
-1
Suppose 5*h - 24 = 3*h. Suppose 6*g - 12*g + h = 0. Let j(c) = 11*c**2 - c - 2. What is j(g)?
40
Let a(z) = 2*z - 3. Let u(m) = -m - 2. Let b(x) = 3*a(x) - 3*u(x). What is b(-1)?
-12
Let f(w) = -3*w**3 - 22*w**2 - 24*w + 11. Let v(d) = d**3 + 9*d**2 + 10*d - 5. Let b(j) = -2*f(j) - 5*v(j). Give b(2).
3
Let i(k) = 283 - 443 + 287 - 4*k. Let t be i(32). Let x(u) be the second derivative of -3*u**5/20 + u**2/2 - u. Give x(t).
4
Let n(y) = 2*y + 12. Let a be 6 + -4 + 3 - (8 + -5). Let c be (-1)/(a + -1*(-9)/(-5)). Give n(c).
2
Let y(k) be the first derivative of 2*k**2 + 33 + 0*k**2 - 879*k**3 + 880*k**3 - 2*k. Calculate y(3).
37
Let f = -26390/3 + 8797. Let u(q) be the first derivative of 8 - f*q**3 - 2*q**2 - 3*q. Give u(-3).
0
Let v(k) be the first derivative of -2*k**2 + 1/24*k**4 + 0*k - 1/30*k**5 + 0*k**3 - 12 + 1/120*k**6. Let d(h) be the second derivative of v(h). What is d(3)?
12
Let x(p) = -2*p**2 + 3*p. Let k(b) = -57*b + 85. Let d be k(-6). Let u = d + -422. Determine x(u).
-35
Let c(r) = 42*r**2 - 6*r + 7. Let v(k) = 93*k**2 - 13*k + 15. Let f(t) = -7*c(t) + 3*v(t). Determine f(1).
-16
Let f(g) = 6*g**2 - 9*g + 8. Let s be f(1). Let l = s - -21. Let q(v) = -29*v + 46*v + 8 + v**2 - l*v. Give q(8).
0
Let x(z) = -z**2 + 5. Let r(p) = p**3 - 7*p**2 + 3*p + 5. Let b(k) = r(k) - 2*x(k). Calculate b(6).
49
Let t be ((-14)/21)/((-2)/36). Let n = t - 7. Let m(w) be the first derivative of -w**4/4 + w**3 + 5*w**2/2 + 7*w + 6. Calculate m(n).
-18
Let v = -352 - -364. Suppose -v = 8*q + 12. Let d(a) be the third derivative of -a**5/60 - a**4/8 + 2*a**3/3 + a**2. Give d(q).
4
Let z be ((-21)/(-12))/((-49)/(-196)). Let c(i) = i**3 - 8*i**2 + 11*i - 7. Calculate c(z).
21
Let j(x) be the first derivative of -x**7/840 + x**6/360 + x**3/3 - 12*x**2 + 48. Let i(f) be the third derivative of j(f). Determine i(-1).
2
Let v(n) be the first derivative of -n**3/3 + 2*n**2 - n + 4. Suppose -68*r + 213 = -195. What is v(r)?
-13
Let x(a) = 0*a - 2*a + 3*a - 9. Let z be -7 - 1190/240 - 40/960. Calculate x(z).
-21
Let r(u) = u**3 + 5*u**2 + 5*u + 3. Suppose -15 = -5*z + 10*z, -4*j + 836 = -4*z. Let x = j + -211. Determine r(x).
-22
Let p(a) = 6*a**2 + 4*a + 1. Suppose 0 = -15*l + 5*l - 10. Let t be p(l). Let g(v) = 2*v**2 - 6*v + 3. Determine g(t).
3
Let g(t) = 38*t**2 - 3*t + 3. Suppose -155*a + 59 + 78 = -18. Determine g(a).
38
Let r(y) = 2 + 27988*y**2 + 27986*y**2 + 4*y - 55975*y**2. Calculate r(0).
2
Suppose -1807 = 8*v - 23. Let q = -221 - v. Let a(f) = -f**3 + f**2 + f + 3. Calculate a(q).
1
Let u(y) = -9*y**2 - y. Suppose -4*q + 46 = 2*b + 3*b, q - 5*b + 1 = 0. Suppose -4*s + 9 = -5*w, q*s - 5 = 3*w + 7*s. Calculate u(w).
-8
Let t(z) be the second derivative of -z**4/6 + z**3/3 - 6*z**2 - 8557*z. Give t(6).
-72
Let h(p) = -p**3 + 9*p**2 + 5*p - 135. Let n be h(6). Let s(g) = g**3 + 3*g**2 - 20*g - 2. What is s(n)?
-8
Let q(o) = 7*o**3 - o**2 + 12*o - 12. Let i be q(1). Let k(p) = 18*p - 114. Calculate k(i).
-6
Let p = 7 + 2. Suppose 0 = 7*q - p*q + 4. Let d(o) = 0*o + 0*o**2 - 1 - o**3 - o - 2*o**2 + 4*o**3. Determine d(q).
13
Let i(t) be the second derivative of -t**5/40 + t**4/12 - 5*t**3 - t**2/2 - 35*t - 2. Let d(k) be the second derivative of i(k). Determine d(2).
-4
Let l(s) = -16*s. Suppose 4331*m + 30 = 4336*m. Determine l(m).
-96
Let w(p) = -8*p + 115. Let v(r) = -7*r + 96. Let b(i) = 6*v(i) - 5*w(i). Determine b(-7).
15
Let r(j) = 7*j**2 - 75*j + 114. Let u(c) = -4*c**2 + 51*c - 57. Let p(o) = 3*r(o) + 5*u(o). Determine p(-2).
1
Let n(t) = 1236*t - 610*t + 0*t**2 - t**2 - 27 - 611*t - 14. What is n(5)?
9
Let s(w) = 11*w**2 + w. Suppose n - 1823 = -2*f - 1828, 0 = 5*f + 4*n + 14. Determine s(f).
42
Suppose 203 = 238*b - 153 - 120. Let o(f) be the first derivative of -35 + 4*f + 1/2*f**b. Give o(-3).
1
Let i(k) = k**2 + 7*k + 8. Let q be i(-6). Let f(o) = -139*o - 145*o + 2*o**2 + 430*o + 2 - 3*o**2 - 148*o - 4*o**3 + 5*o**3. Give f(q).
2
Let v = 28 - 26. Let r(z) = 3*z + 82191 - 82189 - z**v + 6*z. What is r(8)?
10
Suppose 6*y + 240 = 294. Let j(a) be the second derivative of -a**5/20 + 2*a**4/3 + 7*a**3/6 + 10*a**2 - 15*a. Calculate j(y).
2
Let p(o) = -11*o + 787. Let g be p(71). Let q(d) = -d**2 - 4*d + 19. What is q(g)?
-41
Let k = -25451 + 25456. Let g(a) = -7*a**2 + 15*a + 2. Let r(w) = 4*w**2 - 8*w - 1. Let y(m) = -3*g(m) - 5*r(m). Give y(k).
-1
Let v(c) = -6*c - 122. Suppose 0 = -3*f - 4*s - 62, -3*f + 2*s = -16 + 66. Determine v(f).
-14
Let v = -60 - -96. Let k(s) = 9*s - 2*s**2 - v - 13 - 3*s**2 + 4*s**2 + 46. Calculate k(6).
15
Let k(v) be the third derivative of -v**5/30 + 5*v**4/24 - v**3 - 92*v**2. Let z(m) = -9*m - 589. Let c be z(-66). Give k(c).
-31
Suppose -r = 4*b - 1, 4*b - 9 = 5*r + 10. Let k(s) be the third derivative of -2/3*s**3 + 1/15*s**5 - 77*s**2 - 1/12*s**4 + 0*s + 0 + 1/120*s**6. Give k(r).
11
Let f(k) = -7*k - 5. Let j(b) = -20*b - 12. Let o(n) = -17*f(n) + 6*j(n). Determine o(6).
7
Let b(k) = -25*k - 8. Let u(t) = 54*t + 17. Let z(r) = 13*b(r) + 6*u(r). Calculate z(0).
-2
Let q(i) = -i**2 - 5*i + 9. Suppose -2*u = -5*u + 48. Let p be (u + -1)*(-7)/((-42)/(-4)). Let x = -18 - p. Give q(x).
-15
Let y(h) = h - 4. Let v be y(4). Let c(x) be the second derivative of 15*x + 0 + 1/6*x**3 - 2*x**2. What is c(v)?
-4
Let a(u) = -2*u**3 + 8*u**2 + 5*u + 11. Suppose -5*c + 6 - 26 = -2*w, w + 4*c = -3. Give a(w).
-14
Let l = 1671 + -1667. Let a(f)